{"id":401,"date":"2016-01-10T15:33:11","date_gmt":"2016-01-10T15:33:11","guid":{"rendered":"http:\/\/neu.akj-frankfurt.de\/?page_id=401"},"modified":"2026-01-21T12:06:12","modified_gmt":"2026-01-21T10:06:12","slug":"download-2","status":"publish","type":"page","link":"https:\/\/akj-frankfurt.de\/?page_id=401","title":{"rendered":"Download"},"content":{"rendered":"\n<pre><a href=\"https:\/\/akj-frankfurt.de\/wp-content\/uploads\/Stammdaten-Neue-KiTa.pdf\">Stammdaten Neue KiTa<\/a><\/pre>\n\n\n\n<h4>Fortbildungen:<\/h4>\n\n\n\n<h5>f\u00fcr p\u00e4dagogische Fachkr\u00e4fte<\/h5>\n\n\n\n<pre><a href=\"https:\/\/akj-frankfurt.de\/wp-content\/uploads\/Information-BASIS-Fortbildung-fuer-paedagogische-Fachkraefte.pdf\">Information BASIS-Fortbildung f\u00fcr p\u00e4dagogische Fachkr\u00e4fte<\/a><\/pre>\n\n\n\n<pre>&nbsp;<\/pre>\n\n\n\n<pre><a href=\"https:\/\/akj-frankfurt.de\/wp-content\/uploads\/Information-AUFBAU_Ue3-Fortbildung-fuer-paedagogische-Fachkraefte.pdf\">Information AUFBAU_\u00dc3-Fortbildung f\u00fcr p\u00e4dagogische Fachkr\u00e4fte<\/a><\/pre>\n\n\n\n\n\n<p>&nbsp;<\/p>\n<h3>&nbsp;<\/h3>\n\n\n\n<pre><a href=\"https:\/\/akj-frankfurt.de\/wp-content\/uploads\/Information-U3-Fortbildung-fuer-paedagogische-Fachkraefte.pdf\">Information U3-Fortbildung f\u00fcr p\u00e4dagogische Fachkr\u00e4fte<\/a><\/pre>\n\n\n\n<pre>&nbsp;<\/pre>\n<h5>f\u00fcr patenschaftszahn\u00e4rztliche Teams<\/h5>\n\n\n\n\n\n<pre><a href=\"https:\/\/akj-frankfurt.de\/wp-content\/uploads\/Information_TEAMneu-Fortbildung-fuer-Patenschaftszahnarzt-Teams.pdf\">Information_TEAMneu-Fortbildung f\u00fcr Patenschaftszahnarzt-Teams<\/a><\/pre>\n\n\n\n<pre>&nbsp;<\/pre>\n\n\n\n<pre><a href=\"https:\/\/akj-frankfurt.de\/wp-content\/uploads\/Programm-IRMA-Intensivtraining.pdf\">Information_Handpuppentraining<\/a><\/pre>\n\n\n\n<pre><a href=\"https:\/\/akj-frankfurt.de\/wp-content\/uploads\/Information_TEAMupdate_Update_Schnuller_fuer-Patenschaftszahnarztteams.pdf\">Information_TEAMupdate_Update_Schnuller_f\u00fcr Patenschaftszahnarztteams<\/a><\/pre>\n\n\n\n\n\n\n\n<pre><a href=\"https:\/\/akj-frankfurt.de\/wp-content\/uploads\/Information_TEAMupdate_Mundpflege_U3-fuer-Patenschaftsteams.pdf\">Information_TEAMupdate_Mundpflege_U3 f\u00fcr Patenschaftsteams<\/a><\/pre>\n\n\n\n\n\n<h4>Flyer<\/h4>\n\n\n\n<h2 class=\"wp-block-heading\"><\/h2>\n\n\n\n<p>\u00a0<\/p>\n<pre><a href=\"https:\/\/akj-frankfurt.de\/wp-content\/uploads\/26_Flyer_Zahnfit-Mach-mit.pdf\">Faltblatt_Zahnfit mach mit 2026<\/a><\/pre>\n<pre><a href=\"https:\/\/akj-frankfurt.de\/wp-content\/uploads\/NEU_25_rosa_EV-Fluoridlack_QR_Code_DatenschutzA4.pdf\">NEU_25_rosa_EV Fluoridlack_QR_Code_DatenschutzA4<\/a><\/pre>\n\n\n\n<p><\/p>\n","protected":false},"excerpt":{"rendered":"<p>Stammdaten Neue KiTa Fortbildungen: f\u00fcr p\u00e4dagogische Fachkr\u00e4fte Information BASIS-Fortbildung f\u00fcr p\u00e4dagogische Fachkr\u00e4fte &nbsp; Information AUFBAU_\u00dc3-Fortbildung f\u00fcr p\u00e4dagogische Fachkr\u00e4fte &nbsp; &nbsp; Information U3-Fortbildung f\u00fcr p\u00e4dagogische Fachkr\u00e4fte &nbsp; f\u00fcr patenschaftszahn\u00e4rztliche Teams Information_TEAMneu-Fortbildung f\u00fcr Patenschaftszahnarzt-Teams &nbsp; Information_Handpuppentraining Information_TEAMupdate_Update_Schnuller_f\u00fcr Patenschaftszahnarztteams Information_TEAMupdate_Mundpflege_U3 f\u00fcr Patenschaftsteams Flyer \u00a0 Faltblatt_Zahnfit mach mit 2026 NEU_25_rosa_EV Fluoridlack_QR_Code_DatenschutzA4<\/p>\n","protected":false},"author":1,"featured_media":0,"parent":0,"menu_order":0,"comment_status":"closed","ping_status":"closed","template":"","meta":{"footnotes":""},"_links":{"self":[{"href":"https:\/\/akj-frankfurt.de\/index.php?rest_route=\/wp\/v2\/pages\/401"}],"collection":[{"href":"https:\/\/akj-frankfurt.de\/index.php?rest_route=\/wp\/v2\/pages"}],"about":[{"href":"https:\/\/akj-frankfurt.de\/index.php?rest_route=\/wp\/v2\/types\/page"}],"author":[{"embeddable":true,"href":"https:\/\/akj-frankfurt.de\/index.php?rest_route=\/wp\/v2\/users\/1"}],"replies":[{"embeddable":true,"href":"https:\/\/akj-frankfurt.de\/index.php?rest_route=%2Fwp%2Fv2%2Fcomments&post=401"}],"version-history":[{"count":468,"href":"https:\/\/akj-frankfurt.de\/index.php?rest_route=\/wp\/v2\/pages\/401\/revisions"}],"predecessor-version":[{"id":3363,"href":"https:\/\/akj-frankfurt.de\/index.php?rest_route=\/wp\/v2\/pages\/401\/revisions\/3363"}],"wp:attachment":[{"href":"https:\/\/akj-frankfurt.de\/index.php?rest_route=%2Fwp%2Fv2%2Fmedia&parent=401"}],"curies":[{"name":"wp","href":"https:\/\/api.w.org\/{rel}","templated":true}]}}