{"id":1571,"date":"2019-06-14T10:31:52","date_gmt":"2019-06-14T08:31:52","guid":{"rendered":"https:\/\/akj-frankfurt.de\/?page_id=1571"},"modified":"2025-11-05T13:16:27","modified_gmt":"2025-11-05T11:16:27","slug":"wissenswert","status":"publish","type":"page","link":"https:\/\/akj-frankfurt.de\/?page_id=1571","title":{"rendered":"Aktuelles"},"content":{"rendered":"\n<blockquote class=\"wp-block-quote\">\n<p>&nbsp;Leistungen zur Vermeidung von Karies bei Kleinkindern<\/p>\n<\/blockquote>\n\n\n\n<p><em>Zahn\u00e4rztliche Fr\u00fcherkennungsuntersuchungen k\u00f6nnen ab dem 6. Lebensmonat wahrgenommen werden. Zwischen dem 6. und 34. Lebensmonat besteht nun ein neuer Anspruch auf drei Fr\u00fcherkennungsuntersuchungen. Diese sind zeitlich auf die U-Untersuchungen abgestimmt. Kinder zwischen dem 34. Lebensmonat und dem vollendeten 6. Lebensjahr haben weiterhin Anspruch auf drei zahn\u00e4rztliche Fr\u00fcherkennungsuntersuchungen. Im Rahmen der neu eingef\u00fchrten Fr\u00fcherkennungsuntersuchungen soll die Zahn\u00e4rztin \/ Zahnarzt die Betreuungsperson \u00fcber die Ursachen von Erkrankungen im Mund aufkl\u00e4ren. Das Auftragen von Fluoridlack zur Zahnschmelzh\u00e4rtung wird f\u00fcr Kinder zwischen 6. und 34. Lebensmonat Kassenleistung.<\/em><\/p>\n\n\n\n<blockquote class=\"wp-block-quote\">\n<p>Achte zahn\u00e4rztliche Querschnittsuntersuchung<\/p>\n<\/blockquote>\n\n\n\n<p><em>Seit Beginn der <a href=\"https:\/\/akj-frankfurt.de\/wp-content\/uploads\/SJ-2023-24_Kita-Querschnittsstudie-Hessen.pdf\">Querschnittsuntersuchungen<\/a> 2003\/04 hat sich die Mundgesundheit hessischer Kindergartenkinder verbessert. In den letzten 13 Jahren ist der Anteil der Kinder mit naturgesunden Z\u00e4hnen in der Gruppe der F\u00fcnfj\u00e4hrigen von 58 % auf 69 % angestiegen. Lesen Sie <a href=\"https:\/\/akj-frankfurt.de\/wp-content\/uploads\/SJ-2023-24_Kita-Querschnittsstudie-Hessen.pdf\">hier<\/a> mehr zu diesem Thema.<\/em><\/p>\n","protected":false},"excerpt":{"rendered":"<p>&nbsp;Leistungen zur Vermeidung von Karies bei Kleinkindern Zahn\u00e4rztliche Fr\u00fcherkennungsuntersuchungen k\u00f6nnen ab dem 6. Lebensmonat wahrgenommen werden. Zwischen dem 6. und 34. Lebensmonat besteht nun ein neuer Anspruch auf drei Fr\u00fcherkennungsuntersuchungen. Diese sind zeitlich auf die U-Untersuchungen abgestimmt. Kinder zwischen dem 34. Lebensmonat und dem vollendeten 6. Lebensjahr haben weiterhin Anspruch auf drei zahn\u00e4rztliche Fr\u00fcherkennungsuntersuchungen. Im &hellip; <a href=\"https:\/\/akj-frankfurt.de\/?page_id=1571\" class=\"more-link\"><span class=\"screen-reader-text\">Aktuelles<\/span> weiterlesen <span class=\"meta-nav\">&rarr;<\/span><\/a><\/p>\n","protected":false},"author":1,"featured_media":0,"parent":0,"menu_order":0,"comment_status":"closed","ping_status":"closed","template":"","meta":{"footnotes":""},"_links":{"self":[{"href":"https:\/\/akj-frankfurt.de\/index.php?rest_route=\/wp\/v2\/pages\/1571"}],"collection":[{"href":"https:\/\/akj-frankfurt.de\/index.php?rest_route=\/wp\/v2\/pages"}],"about":[{"href":"https:\/\/akj-frankfurt.de\/index.php?rest_route=\/wp\/v2\/types\/page"}],"author":[{"embeddable":true,"href":"https:\/\/akj-frankfurt.de\/index.php?rest_route=\/wp\/v2\/users\/1"}],"replies":[{"embeddable":true,"href":"https:\/\/akj-frankfurt.de\/index.php?rest_route=%2Fwp%2Fv2%2Fcomments&post=1571"}],"version-history":[{"count":35,"href":"https:\/\/akj-frankfurt.de\/index.php?rest_route=\/wp\/v2\/pages\/1571\/revisions"}],"predecessor-version":[{"id":3333,"href":"https:\/\/akj-frankfurt.de\/index.php?rest_route=\/wp\/v2\/pages\/1571\/revisions\/3333"}],"wp:attachment":[{"href":"https:\/\/akj-frankfurt.de\/index.php?rest_route=%2Fwp%2Fv2%2Fmedia&parent=1571"}],"curies":[{"name":"wp","href":"https:\/\/api.w.org\/{rel}","templated":true}]}}