{"id":141,"date":"2014-11-30T01:23:08","date_gmt":"2014-11-30T00:23:08","guid":{"rendered":"http:\/\/wp.h3nry.de\/?page_id=141"},"modified":"2025-09-15T08:23:08","modified_gmt":"2025-09-15T06:23:08","slug":"patenschaftsteams","status":"publish","type":"page","link":"https:\/\/akj-frankfurt.de\/?page_id=141","title":{"rendered":"Patenschaftsteams"},"content":{"rendered":"<table style=\"width: 133.533%; height: 94px; padding-left: 30px;\">\n<tbody style=\"padding-left: 30px;\">\n<tr style=\"height: 40px;\">\n<td style=\"width: 10.9856%; text-align: center; height: 10px;\">22.10.2025<\/td>\n<td style=\"width: 12.6771%; text-align: center; height: 28px;\">\n<h3><span style=\"background-color: #ffffff; color: #ff0000;\">abgesagt!!!<\/span><\/h3>\n<\/td>\n<td style=\"width: 64.4004%; padding-left: 30px; height: 10px;\">\n<p>5 Sterne f\u00fcr gesunde Z\u00e4hne (Mund)Gesundheitsf\u00f6rderung im KiTa-Alltag <span style=\"font-family: inherit; font-size: inherit;\">Thema 1: Mundpflege<\/span><\/p>\n<p>Beginn 8:30 bis 17:00 Uhr <a href=\"https:\/\/akj-frankfurt.de\/?page_id=79\" target=\"_blank\" rel=\"noopener noreferrer\">Liederbachhalle in Liederbach<\/a><\/p>\n<\/td>\n<\/tr>\n<tr style=\"height: 28px;\">\n<td style=\"width: 10.9856%; text-align: center; height: 28px;\">11.12.2025<\/td>\n<td style=\"width: 12.6771%; text-align: center; height: 28px;\">\n<h3><span style=\"background-color: #ffffff; color: #ff0000;\">abgesagt!!!<\/span><\/h3>\n<\/td>\n<td style=\"width: 64.4004%; padding-left: 30px; height: 28px;\">Beginn 14:00 bis 18:00 Uhr <a href=\"https:\/\/akj-frankfurt.de\/?page_id=79\" target=\"_blank\" rel=\"noopener noreferrer\">Liederbachhalle in Liederbach<\/a><\/td>\n<\/tr>\n<\/tbody>\n<\/table>\n\n\n<p><\/p>\n\n\n","protected":false},"excerpt":{"rendered":"<p>22.10.2025 abgesagt!!! 5 Sterne f\u00fcr gesunde Z\u00e4hne (Mund)Gesundheitsf\u00f6rderung im KiTa-Alltag Thema 1: Mundpflege Beginn 8:30 bis 17:00 Uhr Liederbachhalle in Liederbach 11.12.2025 abgesagt!!! Beginn 14:00 bis 18:00 Uhr Liederbachhalle in Liederbach<\/p>\n","protected":false},"author":1,"featured_media":0,"parent":0,"menu_order":0,"comment_status":"closed","ping_status":"closed","template":"","meta":{"footnotes":""},"_links":{"self":[{"href":"https:\/\/akj-frankfurt.de\/index.php?rest_route=\/wp\/v2\/pages\/141"}],"collection":[{"href":"https:\/\/akj-frankfurt.de\/index.php?rest_route=\/wp\/v2\/pages"}],"about":[{"href":"https:\/\/akj-frankfurt.de\/index.php?rest_route=\/wp\/v2\/types\/page"}],"author":[{"embeddable":true,"href":"https:\/\/akj-frankfurt.de\/index.php?rest_route=\/wp\/v2\/users\/1"}],"replies":[{"embeddable":true,"href":"https:\/\/akj-frankfurt.de\/index.php?rest_route=%2Fwp%2Fv2%2Fcomments&post=141"}],"version-history":[{"count":147,"href":"https:\/\/akj-frankfurt.de\/index.php?rest_route=\/wp\/v2\/pages\/141\/revisions"}],"predecessor-version":[{"id":3312,"href":"https:\/\/akj-frankfurt.de\/index.php?rest_route=\/wp\/v2\/pages\/141\/revisions\/3312"}],"wp:attachment":[{"href":"https:\/\/akj-frankfurt.de\/index.php?rest_route=%2Fwp%2Fv2%2Fmedia&parent=141"}],"curies":[{"name":"wp","href":"https:\/\/api.w.org\/{rel}","templated":true}]}}